780?
0
What is the hundreds digit of 18211?
2
What is the units digit of 2961?
1
What is the hundreds digit of 860?
8
What is the units digit of 10032?
2
What is the hundreds digit of 729?
7
What is the thousands digit of 48142?
8
What is the units digit of 738?
8
What is the hundreds digit of 19460?
4
What is the units digit of 3664?
4
What is the units digit of 5695?
5
What is the units digit of 32105?
5
What is the hundreds digit of 51436?
4
What is the ten thousands digit of 25491?
2
What is the tens digit of 85210?
1
What is the hundreds digit of 6262?
2
What is the hundreds digit of 37263?
2
What is the units digit of 7112?
2
What is the tens digit of 6562?
6
What is the ten thousands digit of 18416?
1
What is the units digit of 1208?
8
What is the tens digit of 2759?
5
What is the units digit of 5336?
6
What is the tens digit of 4206?
0
What is the ten thousands digit of 77476?
7
What is the tens digit of 320?
2
What is the hundreds digit of 3047?
0
What is the ten thousands digit of 34822?
3
What is the hundreds digit of 33183?
1
What is the tens digit of 57206?
0
What is the units digit of 110720?
0
What is the hundreds digit of 453?
4
What is the thousands digit of 17012?
7
What is the ten thousands digit of 89494?
8
What is the thousands digit of 3545?
3
What is the units digit of 8922?
2
What is the units digit of 1428?
8
What is the ten thousands digit of 37161?
3
What is the thousands digit of 16183?
6
What is the units digit of 807?
7
What is the thousands digit of 26838?
6
What is the hundreds digit of 7993?
9
What is the hundreds digit of 527?
5
What is the hundreds digit of 299?
2
What is the tens digit of 608?
0
What is the units digit of 690?
0
What is the thousands digit of 26289?
6
What is the tens digit of 93?
9
What is the tens digit of 3708?
0
What is the tens digit of 6453?
5
What is the units digit of 1449?
9
What is the tens digit of 1613?
1
What is the units digit of 77159?
9
What is the units digit of 643?
3
What is the thousands digit of 3241?
3
What is the units digit of 74244?
4
What is the units digit of 771?
1
What is the hundreds digit of 76937?
9
What is the thousands digit of 45410?
5
What is the units digit of 21852?
2
What is the ten thousands digit of 105598?
0
What is the tens digit of 383?
8
What is the hundreds digit of 344?
3
What is the ten thousands digit of 28296?
2
What is the thousands digit of 20106?
0
What is the thousands digit of 32206?
2
What is the thousands digit of 5301?
5
What is the hundreds digit of 100061?
0
What is the units digit of 547?
7
What is the units digit of 23812?
2
What is the thousands digit of 2506?
2
What is the thousands digit of 4349?
4
What is the units digit of 1102?
2
What is the hundreds digit of 1041?
0
What is the hundreds digit of 5815?
8
What is the tens digit of 792?
9
What is the tens digit of 98?
9
What is the thousands digit of 4400?
4
What is the hundreds digit of 20259?
2
What is the units digit of 10224?
4
What is the units digit of 52610?
0
What is the tens digit of 18694?
9
What is the units digit of 27620?
0
What is the tens digit of 919?
1
What is the tens digit of 14583?
8
What is the thousands digit of 40732?
0
What is the units digit of 562?
2
What is the thousands digit of 41903?
1
What is the units digit of 6024?
4
What is the units digit of 54613?
3
What is the tens digit of 4931?
3
What is the tens digit of 238?
3
What is the tens digit of 691?
9
What is the hundreds digit of 65070?
0
What is the units digit of 4737?
7
What is the hundreds digit of 43484?
4
What is the ten thousands digit of 45178?
4
What is the hundreds digit of 666?
6
What is the tens digit of 23?
2
What is the units digit of 1949?
9
What is the hundreds digit of 237?
2
What is the ten thousands digit of 11987?
1
What is the thousands digit of 1498?
1
What is the tens digit of 4020?
2
What is the units digit of 2397?
7
What is the hundreds digit of 1470?
4
What is the tens digit of 5148?
4
What is the units digit of 63102?
2
What is the hundreds digit of 37533?
5
What is the tens digit of 23788?
8
What is the tens digit of 8661?
6
What is the hundreds digit of 8886?
8
What is the thousands digit of 19285?
9
What is the thousands digit of 111421?
1
What is the units digit of 1477?
7
What is the hundreds digit of 432?
4
What is the hundreds digit of 8247?
2
What is the hundreds digit of 35223?
2
What is the ten thousands digit of 19493?
1
What is the hundreds digit of 9115?
1
What is the ten thousands digit of 25346?
2
What is the hundreds digit of 2153?
1
What is the units digit of 16392?
2
What is the hundreds digit of 476?
4
What is the units digit of 1456?
6
What is the tens digit of 445?
4
What is the tens digit of 85794?
9
What is the tens digit of 70?
7
What is the tens digit of 370?
7
What is the hundreds digit of 12662?
6
What is the tens digit of 16399?
9
What is the ten thousands digit of 15519?
1
What is the units digit of 10524?
4
What is the hundreds digit of 1975?
9
What is the units digit of 141?
1
What is the hundreds digit of 1125?
1
What is the tens digit of 1597?
9
What is the hundreds digit of 13854?
8
What is the hundreds digit of 19374?
3
What is the tens digit of 157630?
3
What is the units digit of 2846?
6
What is the tens digit of 7201?
0
What is the tens digit of 353?
5
What is the ten thousands digit of 33495?
3
What is the ten thousands digit of 40645?
4
What is the tens digit of 81931?
3
What is the units digit of 37142?
2
What is the hundreds digit of 938?
9
What is the hundred thousands digit of 103403?
1
What is the tens digit of 24189?
8
What is the tens digit of 9264?
6
What is the tens digit of 4272?
7
What is the units digit of 3840?
0
What is the thousands digit of 5297?
5
What is the tens digit of 22?
2
What is the units digit of 1263?
3
What is the hundreds digit of 742?
7
What is the thousands digit of 27300?
7
What is the hundred thousands digit of 148143?
1
What is the thousands digit of 1902?
1
What is the units digit of 5613?
3
What is the units digit of 23323?
3
What is the tens digit of 1510?
1
What is the ten thousands digit of 21351?
2
What is the hundreds digit of 3178?
1
What is the hundreds digit of 144045?
0
What is the ten thousands digit of 41983?
4
What is the hundreds digit of 80701?
7
What is the thousands digit of 1302?
1
What is the units digit of 66234?
4
What is the units digit of 409?
9
What is the ten thousands digit of 38569?
3
What is the tens digit of 102841?
4
What is the tens digit of 3142?
4
What is the hundreds digit of 38287?
2
What is the tens digit of 32493?
9
What is the hundreds digit of 10796?
7
What is the units digit of 3825?
5
What is the tens digit of 44131?
3
What is the units digit of 20611?
1
What is the hundreds digit of 4958?
9
What is the thousands digit of 4771?
4
What is the hundreds digit of 54264?
2
What is the units digit of 4313?
3
What is the tens digit of 27530?
3
What is the thousands digit of 13522?
3
What is the tens digit of 1381?
8
What is the ten thousands digit of 17363?
1
What is the units digit of 20848?
8
What is the hundreds digit of 1677?
6
What is the units digit of 4457?
7
What is the hundreds digit of 2128?
1
What is the units digit of 677?
7
What is the units digit of 130272?
2
What is the tens digit of 1495?
9
What is the units digit of 395?
5
What is the thousands digit of 10701?
0
What is the ten thousands digit of 12049?
1
What is the hundreds digit of 2920?
9
What is the thousands digit of 114671?
4
What is the tens digit of 670?
7
What is the hundreds digit of 108379?
3
What is the hundreds digit of 448?
4
What is the hundreds digit of 3316?
3
What is the units digit of 1080?
0
What is the ten thousands digit of 10438?
1
What is the thousands digit of 13490?
3
What is the units digit of 11276?
6
What is the tens digit of 2132?
3
What is the units digit of 26147?
7
What is the hundreds digit of 57291?
2
What is the tens digit of 21300?
0
What is the units digit of 56106?
6
What is the tens digit of 4797?
9
What is the thousands digit of 2879?
2
What is the thousands digit of 3511?
3
What is the thousands digit of 26698?
6
What is the tens digit of 700?
0
What is the thousands digit of 4692?
4
What is the ten thousands digit of 27049?
2
What is the hundred